{"id":183,"date":"2017-05-21T18:28:52","date_gmt":"2017-05-21T18:28:52","guid":{"rendered":"http:\/\/victorthemes.com\/themes\/rodich\/?page_id=183"},"modified":"2022-12-09T14:18:39","modified_gmt":"2022-12-09T14:18:39","slug":"iletisim","status":"publish","type":"page","link":"https:\/\/cinaraltimangalbasi.com\/index.php\/iletisim\/","title":{"rendered":"\u0130leti\u015fim"},"content":{"rendered":"<p>[vc_row overlay_dotted=&#8221;&#8221; css=&#8221;.vc_custom_1495447296627{padding-top: 80px !important;padding-bottom: 55px !important;}&#8221;][vc_column width=&#8221;1\/2&#8243;][vc_column_text]<h3 class=\"text-uppercase roch-cnct-pag-info-title\">B\u0130Z\u0130MLE \u0130lET\u0130\u015e\u0130ME GE\u00c7\u0130N<\/h3><div class=\"roch-cnct-pag-contact-info\"><p>Siz de\u011ferli misafirlerimizi mangalba\u015f\u0131 sohbetine bekliyoruz. A\u015fa\u011f\u0131daki ileti\u015fim kanallar\u0131ndan bizimle ileti\u015fime ge\u00e7ebilirsiniz.<\/p><\/div>[vc_empty_space height=&#8221;20px&#8221;]<div class=\"roch-cnct-pag-single-info roch-address \"><strong>Address:<\/strong> Alt\u0131ntepe Mah. Kasaplar \u00c7ar\u015f\u0131s\u0131 No:2, K\u00fc\u00e7\u00fckyal\u0131 34840 Maltepe\/\u0130stanbul<\/div>[vc_empty_space height=&#8221;12px&#8221;]<div class=\"roch-cnct-pag-single-info  roch-phone-69f1000797a2a\"><strong>Phone: <\/strong> 0535 334 44 44<\/div>[vc_empty_space height=&#8221;12px&#8221;]<div class=\"roch-cnct-pag-single-info  roch-email-69f1000797a3c\"><strong>Email: <\/strong> info@cinaraltimangalbasi.com <\/div>[vc_empty_space height=&#8221;15px&#8221;]<div class=\"roch-footer-social\"><ul class=\"list-inline  roch-socials-69f1000797a47\"><li><a href=\"https:\/\/www.facebook.com\/cinaraltimangalbasi\" class=\"fab fa-facebook-f\"><i class=\"fab fa-facebook-f\"><\/i><\/a><\/li><li><a href=\"https:\/\/www.twitter.com\/cinaraltimangal\" class=\"fab fa-twitter\"><i class=\"fab fa-twitter\"><\/i><\/a><\/li><li><a href=\"https:\/\/www.instagram.com\/cinaralti\" class=\"fab fa-instagram\"><i class=\"fab fa-instagram\"><\/i><\/a><\/li><\/ul><\/div>[\/vc_column_text][vc_gmaps link=&#8221;#E-8_JTNDaWZyYW1lJTIwc3JjJTNEJTIyaHR0cHMlM0ElMkYlMkZ3d3cuZ29vZ2xlLmNvbSUyRm1hcHMlMkZlbWJlZCUzRnBiJTNEJTIxMW0xOCUyMTFtMTIlMjExbTMlMjExZDk2NDM4LjY0MDgyMzk1OTU4JTIxMmQyOS4wNzQ4OTE3MTYwNjc5NDIlMjEzZDQwLjk0NDA3Njc4NTEzNjI2JTIxMm0zJTIxMWYwJTIxMmYwJTIxM2YwJTIxM20yJTIxMWkxMDI0JTIxMmk3NjglMjE0ZjEzLjElMjEzbTMlMjExbTIlMjExczB4MTRjYWM2ZmNjYTMzY2UwYiUyNTNBMHgxM2E3NjkwYWJlNTA4YzVmJTIxMnMlMjVDMyUyNTg3SU5BUkFMVEklMjUyME1BTkdBTEJBJTI1QzUlMjU5RUklMjE1ZTAlMjEzbTIlMjExc3RyJTIxMnN0ciUyMTR2MTY3MDU5MTYxOTU0MiUyMTVtMiUyMTFzdHIlMjEyc3RyJTIyJTIwd2lkdGglM0QlMjI2MDAlMjIlMjBoZWlnaHQlM0QlMjI0NTAlMjIlMjBzdHlsZSUzRCUyMmJvcmRlciUzQTAlM0IlMjIlMjBhbGxvd2Z1bGxzY3JlZW4lM0QlMjIlMjIlMjBsb2FkaW5nJTNEJTIybGF6eSUyMiUyMHJlZmVycmVycG9saWN5JTNEJTIybm8tcmVmZXJyZXItd2hlbi1kb3duZ3JhZGUlMjIlM0UlM0MlMkZpZnJhbWUlM0U=&#8221; css=&#8221;.vc_custom_1670591711481{padding-top: 20px !important;}&#8221;][\/vc_column][vc_column width=&#8221;1\/2&#8243;]<div class=\"roch-stylest-contact-form rodich-contact-69f1000797ab5 contact-box-one\">\n<div class=\"wpcf7 no-js\" id=\"wpcf7-f1208-o1\" lang=\"en-US\" dir=\"ltr\" data-wpcf7-id=\"1208\">\n<div class=\"screen-reader-response\"><p role=\"status\" aria-live=\"polite\" aria-atomic=\"true\"><\/p> <ul><\/ul><\/div>\n<form action=\"\/index.php\/wp-json\/wp\/v2\/pages\/183#wpcf7-f1208-o1\" method=\"post\" class=\"wpcf7-form init\" aria-label=\"Contact form\" novalidate=\"novalidate\" data-status=\"init\">\n<fieldset class=\"hidden-fields-container\"><input type=\"hidden\" name=\"_wpcf7\" value=\"1208\" \/><input type=\"hidden\" name=\"_wpcf7_version\" value=\"6.1.4\" \/><input type=\"hidden\" name=\"_wpcf7_locale\" value=\"en_US\" \/><input type=\"hidden\" name=\"_wpcf7_unit_tag\" value=\"wpcf7-f1208-o1\" \/><input type=\"hidden\" name=\"_wpcf7_container_post\" value=\"0\" \/><input type=\"hidden\" name=\"_wpcf7_posted_data_hash\" value=\"\" \/><input type=\"hidden\" name=\"_wpcf7_recaptcha_response\" value=\"\" \/>\n<\/fieldset>\n<div class=\"row roch-styt-cont-form-group roch-styt-cont-form-row\"><div class=\"col-md-6 roch-styt-cont-col\"><span class=\"wpcf7-form-control-wrap\" data-name=\"your-name\"><input size=\"40\" maxlength=\"400\" class=\"wpcf7-form-control wpcf7-text wpcf7-validates-as-required\" aria-required=\"true\" aria-invalid=\"false\" placeholder=\"\u0130sim*\" value=\"\" type=\"text\" name=\"your-name\" \/><\/span><\/div><div class=\"col-md-6 roch-styt-cont-col\"><span class=\"wpcf7-form-control-wrap\" data-name=\"your-email\"><input size=\"40\" maxlength=\"400\" class=\"wpcf7-form-control wpcf7-email wpcf7-validates-as-required wpcf7-text wpcf7-validates-as-email\" aria-required=\"true\" aria-invalid=\"false\" placeholder=\"E-mail*\" value=\"\" type=\"email\" name=\"your-email\" \/><\/span><\/div><\/div><div class=\"row  roch-styt-cont-form-row\"><div class=\"col-md-12 roch-styt-cont-col\"><span class=\"wpcf7-form-control-wrap\" data-name=\"your-subject\"><input size=\"40\" maxlength=\"400\" class=\"wpcf7-form-control wpcf7-text\" aria-invalid=\"false\" placeholder=\"Konu\" value=\"\" type=\"text\" name=\"your-subject\" \/><\/span><\/div><\/div><div class=\"row  roch-styt-cont-form-row\"><div class=\"col-md-12 roch-text-message-fi roch-styt-cont-col\"><span class=\"wpcf7-form-control-wrap\" data-name=\"your-message\"><textarea cols=\"40\" rows=\"10\" maxlength=\"2000\" class=\"wpcf7-form-control wpcf7-textarea\" aria-invalid=\"false\" placeholder=\"Mesaj\" name=\"your-message\"><\/textarea><\/span><\/div><\/div>\n<span class=\"wpcf7-form-control-wrap recaptcha\" data-name=\"recaptcha\"><span data-sitekey=\"6LdeiREUAAAAAFbDq5Xu19osDc9Mo1xMxUA1c2E8\" class=\"wpcf7-form-control wpcf7-recaptcha g-recaptcha\"><\/span>\r\n<noscript>\r\n\t<div class=\"grecaptcha-noscript\">\r\n\t\t<iframe src=\"https:\/\/www.google.com\/recaptcha\/api\/fallback?k=6LdeiREUAAAAAFbDq5Xu19osDc9Mo1xMxUA1c2E8\" frameborder=\"0\" scrolling=\"no\" width=\"310\" height=\"430\">\r\n\t\t<\/iframe>\r\n\t\t<textarea name=\"g-recaptcha-response\" rows=\"3\" cols=\"40\" placeholder=\"reCaptcha Response Here\">\r\n\t\t<\/textarea>\r\n\t<\/div>\r\n<\/noscript>\r\n<\/span><input class=\"wpcf7-form-control wpcf7-submit has-spinner\" type=\"submit\" value=\"G\u00f6nder\" \/>\n<\/p><p style=\"display: none !important;\" class=\"akismet-fields-container\" data-prefix=\"_wpcf7_ak_\"><label>&#916;<textarea name=\"_wpcf7_ak_hp_textarea\" cols=\"45\" rows=\"8\" maxlength=\"100\"><\/textarea><\/label><input type=\"hidden\" id=\"ak_js_1\" name=\"_wpcf7_ak_js\" value=\"226\"\/><script>document.getElementById( \"ak_js_1\" ).setAttribute( \"value\", ( new Date() ).getTime() );<\/script><\/p><div class=\"wpcf7-response-output\" aria-hidden=\"true\"><\/div>\n<\/form>\n<\/div>\n<\/div>[\/vc_column][\/vc_row][vc_row][vc_column]<div id=\"1\" class=\"rodich-gmap-tab tab-pane fade\"><div id=\"map-69f1000798820\" class=\"rodich-google-map  rodich-gmap-69f1000798820\"><\/div><\/div>    <script type=\"text\/javascript\">\n    \/\/ Custom Map Script\n    jQuery(document).ready(function($) {\n      $(\"#map-69f1000798820\").googleMap({\n        zoom: 10,\n        type: \"ROADMAP\",\n        styles: [{featureType:'all',elementType:'all',stylers:[{saturation: -100}]}],\n        streetViewControl: false,\n        scrollwheel: false,\n        mapTypeControl: false,\n                    coords: [40.712784,  -74.005941],\n                  });\n            $(\"#map-69f1000798820\").addMarker({\n        coords: [40.712784,  -74.005941],\n        icon: 'https:\/\/cinaraltimangalbasi.com\/wp-content\/plugins\/rodich-core\/assets\/images\/map-marker.png',\n                      });\n          });\n    <\/script>\n[\/vc_column][\/vc_row]<\/p>\n","protected":false},"excerpt":{"rendered":"[vc_row overlay_dotted=&#8221;&#8221; css=&#8221;.vc_custom_1495447296627{padding-top: 80px !important;padding-bottom: 55px !important;}&#8221;][vc_column width=&#8221;1\/2&#8243;][vc_column_text][vc_empty_space height=&#8221;20px&#8221;][vc_empty_space height=&#8221;12px&#8221;][vc_empty_space height=&#8221;12px&#8221;][vc_empty_space height=&#8221;15px&#8221;][\/vc_column_text][vc_gmaps link=&#8221;#E-8_JTNDaWZyYW1lJTIwc3JjJTNEJTIyaHR0cHMlM0ElMkYlMkZ3d3cuZ29vZ2xlLmNvbSUyRm1hcHMlMkZlbWJlZCUzRnBiJTNEJTIxMW0xOCUyMTFtMTIlMjExbTMlMjExZDk2NDM4LjY0MDgyMzk1OTU4JTIxMmQyOS4wNzQ4OTE3MTYwNjc5NDIlMjEzZDQwLjk0NDA3Njc4NTEzNjI2JTIxMm0zJTIxMWYwJTIxMmYwJTIxM2YwJTIxM20yJTIxMWkxMDI0JTIxMmk3NjglMjE0ZjEzLjElMjEzbTMlMjExbTIlMjExczB4MTRjYWM2ZmNjYTMzY2UwYiUyNTNBMHgxM2E3NjkwYWJlNTA4YzVmJTIxMnMlMjVDMyUyNTg3SU5BUkFMVEklMjUyME1BTkdBTEJBJTI1QzUlMjU5RUklMjE1ZTAlMjEzbTIlMjExc3RyJTIxMnN0ciUyMTR2MTY3MDU5MTYxOTU0MiUyMTVtMiUyMTFzdHIlMjEyc3RyJTIyJTIwd2lkdGglM0QlMjI2MDAlMjIlMjBoZWlnaHQlM0QlMjI0NTAlMjIlMjBzdHlsZSUzRCUyMmJvcmRlciUzQTAlM0IlMjIlMjBhbGxvd2Z1bGxzY3JlZW4lM0QlMjIlMjIlMjBsb2FkaW5nJTNEJTIybGF6eSUyMiUyMHJlZmVycmVycG9saWN5JTNEJTIybm8tcmVmZXJyZXItd2hlbi1kb3duZ3JhZGUlMjIlM0UlM0MlMkZpZnJhbWUlM0U=&#8221; css=&#8221;.vc_custom_1670591711481{padding-top: 20px !important;}&#8221;][\/vc_column][vc_column width=&#8221;1\/2&#8243;][\/vc_column][\/vc_row][vc_row][vc_column][\/vc_column][\/vc_row]","protected":false},"author":1,"featured_media":0,"parent":0,"menu_order":0,"comment_status":"closed","ping_status":"closed","template":"","meta":{"_monsterinsights_skip_tracking":false,"_monsterinsights_sitenote_active":false,"_monsterinsights_sitenote_note":"","_monsterinsights_sitenote_category":0,"footnotes":""},"class_list":["post-183","page","type-page","status-publish","hentry"],"aioseo_notices":[],"_links":{"self":[{"href":"https:\/\/cinaraltimangalbasi.com\/index.php\/wp-json\/wp\/v2\/pages\/183","targetHints":{"allow":["GET"]}}],"collection":[{"href":"https:\/\/cinaraltimangalbasi.com\/index.php\/wp-json\/wp\/v2\/pages"}],"about":[{"href":"https:\/\/cinaraltimangalbasi.com\/index.php\/wp-json\/wp\/v2\/types\/page"}],"author":[{"embeddable":true,"href":"https:\/\/cinaraltimangalbasi.com\/index.php\/wp-json\/wp\/v2\/users\/1"}],"replies":[{"embeddable":true,"href":"https:\/\/cinaraltimangalbasi.com\/index.php\/wp-json\/wp\/v2\/comments?post=183"}],"version-history":[{"count":12,"href":"https:\/\/cinaraltimangalbasi.com\/index.php\/wp-json\/wp\/v2\/pages\/183\/revisions"}],"predecessor-version":[{"id":1683,"href":"https:\/\/cinaraltimangalbasi.com\/index.php\/wp-json\/wp\/v2\/pages\/183\/revisions\/1683"}],"wp:attachment":[{"href":"https:\/\/cinaraltimangalbasi.com\/index.php\/wp-json\/wp\/v2\/media?parent=183"}],"curies":[{"name":"wp","href":"https:\/\/api.w.org\/{rel}","templated":true}]}}