{"id":1249,"date":"2022-12-01T13:13:21","date_gmt":"2022-12-01T13:13:21","guid":{"rendered":"https:\/\/beta.cinaraltimangalbasi.com\/?page_id=1249"},"modified":"2022-12-12T15:12:00","modified_gmt":"2022-12-12T15:12:00","slug":"mekan-goruntuleri","status":"publish","type":"page","link":"https:\/\/cinaraltimangalbasi.com\/index.php\/mekan-goruntuleri\/","title":{"rendered":"Mekandan G\u00f6r\u00fcnt\u00fcler"},"content":{"rendered":"<p>[vc_row full_width=&#8221;stretch_row_content_no_spaces&#8221; overlay_dotted=&#8221;&#8221; css=&#8221;.vc_custom_1670848456412{padding-left: 50px !important;}&#8221;][vc_column][vc_gallery type=&#8221;image_grid&#8221; images=&#8221;1469,1468,1467,1466,1463,1462,1461,1460,1459,1458,1457,1456,1455,1454,1453,1721,1722,1723,1724,1725,1726,1727,1728,1729,1730&#8243; img_size=&#8221;300&#215;300&#8243;][\/vc_column][\/vc_row]<\/p>\n","protected":false},"excerpt":{"rendered":"[vc_row full_width=&#8221;stretch_row_content_no_spaces&#8221; overlay_dotted=&#8221;&#8221; css=&#8221;.vc_custom_1670848456412{padding-left: 50px !important;}&#8221;][vc_column][vc_gallery type=&#8221;image_grid&#8221; images=&#8221;1469,1468,1467,1466,1463,1462,1461,1460,1459,1458,1457,1456,1455,1454,1453,1721,1722,1723,1724,1725,1726,1727,1728,1729,1730&#8243; img_size=&#8221;300&#215;300&#8243;][\/vc_column][\/vc_row]","protected":false},"author":1,"featured_media":0,"parent":0,"menu_order":0,"comment_status":"closed","ping_status":"closed","template":"","meta":{"_monsterinsights_skip_tracking":false,"_monsterinsights_sitenote_active":false,"_monsterinsights_sitenote_note":"","_monsterinsights_sitenote_category":0,"footnotes":""},"class_list":["post-1249","page","type-page","status-publish","hentry"],"aioseo_notices":[],"_links":{"self":[{"href":"https:\/\/cinaraltimangalbasi.com\/index.php\/wp-json\/wp\/v2\/pages\/1249","targetHints":{"allow":["GET"]}}],"collection":[{"href":"https:\/\/cinaraltimangalbasi.com\/index.php\/wp-json\/wp\/v2\/pages"}],"about":[{"href":"https:\/\/cinaraltimangalbasi.com\/index.php\/wp-json\/wp\/v2\/types\/page"}],"author":[{"embeddable":true,"href":"https:\/\/cinaraltimangalbasi.com\/index.php\/wp-json\/wp\/v2\/users\/1"}],"replies":[{"embeddable":true,"href":"https:\/\/cinaraltimangalbasi.com\/index.php\/wp-json\/wp\/v2\/comments?post=1249"}],"version-history":[{"count":4,"href":"https:\/\/cinaraltimangalbasi.com\/index.php\/wp-json\/wp\/v2\/pages\/1249\/revisions"}],"predecessor-version":[{"id":1731,"href":"https:\/\/cinaraltimangalbasi.com\/index.php\/wp-json\/wp\/v2\/pages\/1249\/revisions\/1731"}],"wp:attachment":[{"href":"https:\/\/cinaraltimangalbasi.com\/index.php\/wp-json\/wp\/v2\/media?parent=1249"}],"curies":[{"name":"wp","href":"https:\/\/api.w.org\/{rel}","templated":true}]}}